= -13 + 29. Calculate the greatest common divisor of x and g.
16
Let n be 10/(3/(-12)*2). Let o be (-6)/4 - 2730/n. Calculate the highest common divisor of 15 and o.
15
Suppose 10 + 6 = c. Suppose -4*u + 2*m - 5*m + 172 = 0, 4*m = -u + 56. What is the highest common divisor of c and u?
8
Let r(h) = -h**2 + 8*h - 3. Let i be r(5). Calculate the highest common divisor of i and 132.
12
Suppose 0 = -t - 0*t + 36. What is the greatest common factor of 90 and t?
18
Let z be 3/((-1)/2 - -2). Let y = -12 - -6. Let u be (5 - 8)*28/y. Calculate the greatest common factor of z and u.
2
Suppose -12*y = -171 - 357. Calculate the greatest common divisor of 33 and y.
11
Let d = -31 - -64. Suppose b = -3 + d. What is the greatest common factor of 10 and b?
10
Let p(b) = -5*b**3 + 2*b**2 - 1. Let u be p(-1). Let y = -5 + u. Calculate the greatest common factor of 5 and y.
1
Let v be 3/(-2)*36/(-27). Suppose -4*l - 22 = -2*z, z + 26 = 3*z - 5*l. Let j = 5 + z. What is the highest common factor of j and v?
2
Let p be (2 + -4 + 2)/(-3). Suppose -5*z = -5*y - p*z + 270, -5*z = -15. What is the greatest common factor of y and 19?
19
Suppose 0 = 3*j - 2*y - 68, -4*j = -4*y + 2*y - 90. What is the highest common factor of 242 and j?
22
Suppose 2*u + 2*u - 4*y - 492 = 0, -225 = -2*u - 5*y. Calculate the highest common factor of u and 30.
30
Let k(i) = -i**3 + 3*i**2 - i - 2. Let y be k(2). Suppose 0 = -4*z - 2 + 6. Let x be z - -7 - y/(-1). What is the greatest common divisor of x and 64?
8
Let w = 11 - 7. What is the highest common divisor of 36 and w?
4
Suppose 4*g = 8*g - 72. Suppose 0 = -7*q + 78 + 6. Calculate the greatest common factor of g and q.
6
Suppose -4*m + 9*m = 5, -3*u + 4*m + 2 = 0. Let p be (-3)/(-3) - u - -5. Calculate the greatest common factor of 16 and p.
4
Suppose -5*t - 65 = -4*f, -f - 4*f - 25 = 0. Let l = 45 + t. What is the highest common factor of 14 and l?
14
Let y = -45 + 82. Suppose 3*z - 4*w + 26 = 180, -15 = -3*w. Let h = z - y. Calculate the greatest common factor of 14 and h.
7
Suppose 0*r = 4*r - 8. Let c be (r/5)/(2/60). What is the greatest common factor of 18 and c?
6
Suppose 4*c = 3*z + 30, -5*c + 5*z = 3*z - 34. Calculate the highest common divisor of 48 and c.
6
Suppose -u + 15 = 5. Suppose -3*y = -3*z - 30, -4*y + 4*z = -3*y - u. Suppose -d = d - y. What is the highest common divisor of d and 15?
5
Let m(n) = -n**3 + 2*n**2 + n - 2. Let g be m(2). Suppose 3*y - 143 = -k + 56, g = 3*y - 4*k - 194. Calculate the greatest common divisor of 6 and y.
6
Suppose -4*p + p + 6 = 0. What is the greatest common divisor of p and 2?
2
Let k = 6 - -6. What is the greatest common divisor of k and 96?
12
Let x(h) = 2*h**2 - 9*h - 8. Let c be x(6). What is the greatest common factor of 30 and c?
10
Let z = 6 + -4. Suppose -4*q = 2*j - 18, 3*j - z*j - q = -6. Let x(u) = -7*u - 1. Let i be x(j). What is the greatest common factor of 24 and i?
6
Let j = 14 + 26. Let d = -18 - -28. What is the highest common divisor of j and d?
10
Suppose -5*u = -86 + 6. Let w = -7 + 11. What is the highest common factor of u and w?
4
Suppose -3*i + i = -10. Let z be 173/i - (-2)/5. Calculate the highest common divisor of z and 5.
5
Let k(l) = -24*l + 1. Let m be k(-2). Suppose -19*h + 91 = -6*h. Calculate the greatest common factor of m and h.
7
Let b(a) = 7*a - 43. Let n be b(8). Calculate the highest common divisor of 91 and n.
13
Suppose 0*o = -4*o + 264. Suppose -25 = -5*c + 15. Let m = -2 + c. Calculate the highest common factor of o and m.
6
Let c be (-5)/10 + (-42)/(-4). Calculate the greatest common divisor of 6 and c.
2
Let q(m) = -9*m. Let u(f) = 4*f + 3. Let d be u(-2). Let j be q(d). What is the highest common factor of j and 18?
9
Let k(f) = -2*f**2 - 42*f + 5. Let t be k(-20). Calculate the highest common divisor of t and 15.
15
Let v be (-442)/(-10) - (6 - (-174)/(-30)). What is the highest common divisor of 22 and v?
22
Let v(u) = u**3 + 3*u**2 - 6*u + 3. Let x be v(-5). Suppose 1 = z - 24. Let n = x + z. What is the highest common factor of 12 and n?
4
Let x be (2/(-3))/(5/(-90)). What is the greatest common divisor of x and 6?
6
Suppose 5*t - 7*t + 18 = 0. Suppose 2*o = -4*o + 108. What is the greatest common divisor of t and o?
9
Suppose -350 = -4*h - 3*h. What is the highest common factor of 10 and h?
10
Suppose 5*h = -5*t + 15, 3*t - 5*h = 2*t - 9. Let a be (1 - t/3)*3. Calculate the highest common divisor of a and 18.
2
Suppose 7*q - 2*q = -25, -4*x = -2*q - 34. What is the greatest common factor of x and 3?
3
Let h = 10 - -12. Suppose h + 13 = b. Suppose 4*t = 3*t + 5. What is the greatest common factor of t and b?
5
Let o be 1*(-2 - -5)*1. Let n be o/(-6)*-82 + 3. Let x(p) = p**2. Let b be x(-2). Calculate the greatest common divisor of b and n.
4
Let x = -28 - -35. What is the highest common factor of x and 56?
7
Let p be (-2)/(-2 - 20/(-9)). Let j = 9 + p. Suppose -4*q + 46 + 14 = j. Calculate the highest common factor of q and 90.
15
Suppose 3*z - 87 = w - 4*w, z = 4*w + 34. Let u = 21 + -15. Calculate the highest common divisor of u and z.
6
Let m(i) = 4*i**2 + 2*i + 2. Let b be m(-2). Let s be (0 + b/8)*8. Let a(o) = o**3 - 6*o**2 - 4*o. Let d be a(7). What is the greatest common factor of d and s?
7
Suppose -3*x - 3*q = -12, -2*x - 4*q + 3*q = -10. Let l(t) = 30*t**2 + 3*t + 2. Let y be l(-2). Let k = y - 68. Calculate the highest common factor of x and k.
6
Suppose -3*g = 5*i - 37, 0 = 5*i + g + 23 - 62. What is the greatest common divisor of 1 and i?
1
Suppose 5 = g + 6. Let y be -45*((-2 - g) + 0). What is the greatest common factor of 9 and y?
9
Let j(s) = -s**2 + 4*s. Let h be j(3). Suppose h*g - 5 = 2*g. Suppose -m - g*y + 14 = -y, 2*y = -4*m + 42. Calculate the highest common divisor of 30 and m.
10
Let w = 121 + -57. Suppose -5*c - 103 = -2*t, c + 2*t = -c - 44. Let r be 220/14 + (-6)/c. Calculate the greatest common factor of r and w.
16
Let o be 0/(-3) + 0 - -1. Let h(g) = 5*g + 4 - 3*g**2 - o + 0 + 3 - g**3. Let f be h(-6). Calculate the highest common divisor of f and 12.
12
Let d be 2/(2/16 - 0). Let n be (-11 - -2)*d/(-12). Calculate the highest common factor of n and 36.
12
Let n(h) = -h + 2. Let q be n(-8). Suppose w - 2*k = 49, k - 39 - q = -w. What is the highest common divisor of 7 and w?
7
Suppose 4*b + 4 = 4*l, 5*b - 6*l - 11 = -5*l. Let j(h) = -h**2 + h + 3. Let t be j(0). What is the greatest common divisor of b and t?
3
Let t(h) = 0 + 5*h + 2 - 5 - 5*h**2 - h**3. Let g be t(-6). Suppose -g*n + 16 - 4 = 0. What is the highest common divisor of 10 and n?
2
Suppose -4*c - 2*g = -14, 3*g + 0 = -2*c + 17. Let r = 3 - c. Let b(u) = 24*u - 3. Let a be b(r). Calculate the highest common divisor of a and 18.
9
Let b(j) = 2*j - 7. Let u be b(6). Calculate the greatest common divisor of 2 and u.
1
Let y(z) = -5*z**2 - 3*z + 1. Let c(u) = 9*u**2 + 6*u - 2. Let d(r) = 6*c(r) + 11*y(r). Let s be d(1). Calculate the highest common factor of 4 and s.
1
Let t be (1 + 19)*4/5. Let i(w) be the third derivative of 5*w**4/6 + 2*w**3 + 7*w**2. Let n be i(5). What is the highest common divisor of t and n?
16
Suppose 0*f + f = -10. Let o = -5 - f. Let z(l) = 3*l - 5. Let v be z(o). Calculate the highest common factor of v and 80.
10
Let w = -56 - -77. What is the highest common divisor of w and 7?
7
Let y be 5 - 1*(-4 + 5). Suppose -y*f + 48 = 2*f. Calculate the highest common divisor of 8 and f.
8
Let b(c) = c**3 + 2*c**2 + 2*c - 1. Let n be b(3). Calculate the highest common divisor of n and 5.
5
Let h be 1 - 0 - (-2 + -1). Suppose -9 = -h*s + c + 2, -17 = -s + 5*c. Suppose s*w + 3*w = 70. What is the highest common divisor of 21 and w?
7
Let x(z) = -z + 8. Let i be x(6). Let o be ((-6)/4)/(9/12). Let p be 4 - 3 - 0/o. What is the highest common divisor of i and p?
1
Suppose -5*j - 457 = p + 291, 2*j - 4*p = -308. Let z = -51 - j. Let o = 26 + -17. What is the greatest common factor of o and z?
9
Let o(n) = n**3 - 6*n**2 - 8*n + 9. Let g be o(7). Suppose 7*k = g*k + 140. What is the greatest common divisor of 7 and k?
7
Let h(l) = 45*l**3 + 1. Let x be h(1). Let y(g) = g**2 - 2*g + 9. Let p be y(6). Let q = x - p. Calculate the greatest common factor of 26 and q.
13
Suppose -4*u + 3*i = -7*u + 192, 5*u - 2*i = 292. Calculate t